{"id":87,"date":"2018-05-31T10:20:07","date_gmt":"2018-05-31T08:20:07","guid":{"rendered":"http:\/\/rgcuir.eu\/?page_id=87"},"modified":"2018-06-14T16:39:10","modified_gmt":"2018-06-14T14:39:10","slug":"plus-dinfos","status":"publish","type":"page","link":"https:\/\/rgcuir.eu\/index.php\/plus-dinfos\/","title":{"rendered":"Plus d&rsquo;infos"},"content":{"rendered":"<p style=\"text-align: left;\"><img loading=\"lazy\" class=\"alignleft wp-image-69 size-large\" src=\"http:\/\/rgcuir.eu\/wp-content\/uploads\/2018\/05\/IMG_1347-1024x768.jpg\" alt=\"\" width=\"525\" height=\"394\" srcset=\"https:\/\/rgcuir.eu\/wp-content\/uploads\/2018\/05\/IMG_1347-1024x768.jpg 1024w, https:\/\/rgcuir.eu\/wp-content\/uploads\/2018\/05\/IMG_1347-300x225.jpg 300w, https:\/\/rgcuir.eu\/wp-content\/uploads\/2018\/05\/IMG_1347-768x576.jpg 768w\" sizes=\"(max-width: 525px) 100vw, 525px\" \/><\/p>\n<p style=\"text-align: left;\">Toute notre gamme peut \u00eatre fabriqu\u00e9e sur mesure \u00e0 vos dimensions.<\/p>\n<p>Vous souhaitez un mod\u00e8le sp\u00e9cial ? Interrogez-nous !<\/p>\n<p>Nos clients sont des Particuliers, Architectes, Designers, Agenceurs&#8230;<\/p>\n<p>Notre \u00e9quipe de cr\u00e9ation r\u00e9alisera tous vos projets !<\/p>\n","protected":false},"excerpt":{"rendered":"<p>Toute notre gamme peut \u00eatre fabriqu\u00e9e sur mesure \u00e0 vos dimensions. Vous souhaitez un mod\u00e8le sp\u00e9cial ? Interrogez-nous ! Nos clients sont des Particuliers, Architectes, Designers, Agenceurs&#8230; Notre \u00e9quipe de cr\u00e9ation r\u00e9alisera tous vos projets !<\/p>\n","protected":false},"author":1,"featured_media":0,"parent":0,"menu_order":0,"comment_status":"closed","ping_status":"closed","template":"","meta":[],"_links":{"self":[{"href":"https:\/\/rgcuir.eu\/index.php\/wp-json\/wp\/v2\/pages\/87"}],"collection":[{"href":"https:\/\/rgcuir.eu\/index.php\/wp-json\/wp\/v2\/pages"}],"about":[{"href":"https:\/\/rgcuir.eu\/index.php\/wp-json\/wp\/v2\/types\/page"}],"author":[{"embeddable":true,"href":"https:\/\/rgcuir.eu\/index.php\/wp-json\/wp\/v2\/users\/1"}],"replies":[{"embeddable":true,"href":"https:\/\/rgcuir.eu\/index.php\/wp-json\/wp\/v2\/comments?post=87"}],"version-history":[{"count":5,"href":"https:\/\/rgcuir.eu\/index.php\/wp-json\/wp\/v2\/pages\/87\/revisions"}],"predecessor-version":[{"id":267,"href":"https:\/\/rgcuir.eu\/index.php\/wp-json\/wp\/v2\/pages\/87\/revisions\/267"}],"wp:attachment":[{"href":"https:\/\/rgcuir.eu\/index.php\/wp-json\/wp\/v2\/media?parent=87"}],"curies":[{"name":"wp","href":"https:\/\/api.w.org\/{rel}","templated":true}]}}