{"id":85,"date":"2018-05-31T10:16:31","date_gmt":"2018-05-31T08:16:31","guid":{"rendered":"http:\/\/rgcuir.eu\/?page_id=85"},"modified":"2018-06-14T16:29:50","modified_gmt":"2018-06-14T14:29:50","slug":"nos-produits","status":"publish","type":"page","link":"https:\/\/rgcuir.eu\/index.php\/nos-produits\/","title":{"rendered":"Nos produits"},"content":{"rendered":"<p><img loading=\"lazy\" class=\"wp-image-227 alignnone\" src=\"http:\/\/rgcuir.eu\/wp-content\/uploads\/2018\/06\/Photo-cuirs-et-outils-300x200.jpg\" alt=\"\" width=\"600\" height=\"400\" srcset=\"https:\/\/rgcuir.eu\/wp-content\/uploads\/2018\/06\/Photo-cuirs-et-outils-300x200.jpg 300w, https:\/\/rgcuir.eu\/wp-content\/uploads\/2018\/06\/Photo-cuirs-et-outils-768x512.jpg 768w, https:\/\/rgcuir.eu\/wp-content\/uploads\/2018\/06\/Photo-cuirs-et-outils-1024x683.jpg 1024w\" sizes=\"(max-width: 600px) 100vw, 600px\" \/><\/p>\n<p>Panneaux Muraux Cuir et Tissus. T\u00eate de lit Cuir et Tissus.<br \/>\nMobiliers Gain\u00e9s Cuir. Rev\u00eatement de Sol en cuir.<br \/>\nTapis Cuir et Peaux Poils. Tables Basses Gain\u00e9es Cuir.<br \/>\nConsoles Gain\u00e9es Cuir. Coffres Fort\u00a0 Gain\u00e9 Cuir.<br \/>\nMarqueterie Cuir.<br \/>\nGu\u00e9ridons, Sous Mains, Corbeilles, Rampe d&rsquo;escalier Gain\u00e9 cuir&#8230;<\/p>\n<p>&nbsp;<\/p>\n","protected":false},"excerpt":{"rendered":"<p>Panneaux Muraux Cuir et Tissus. T\u00eate de lit Cuir et Tissus. Mobiliers Gain\u00e9s Cuir. Rev\u00eatement de Sol en cuir. Tapis Cuir et Peaux Poils. Tables Basses Gain\u00e9es Cuir. Consoles Gain\u00e9es Cuir. Coffres Fort\u00a0 Gain\u00e9 Cuir. Marqueterie Cuir. Gu\u00e9ridons, Sous Mains, Corbeilles, Rampe d&rsquo;escalier Gain\u00e9 cuir&#8230; &nbsp;<\/p>\n","protected":false},"author":1,"featured_media":0,"parent":0,"menu_order":0,"comment_status":"closed","ping_status":"closed","template":"","meta":[],"_links":{"self":[{"href":"https:\/\/rgcuir.eu\/index.php\/wp-json\/wp\/v2\/pages\/85"}],"collection":[{"href":"https:\/\/rgcuir.eu\/index.php\/wp-json\/wp\/v2\/pages"}],"about":[{"href":"https:\/\/rgcuir.eu\/index.php\/wp-json\/wp\/v2\/types\/page"}],"author":[{"embeddable":true,"href":"https:\/\/rgcuir.eu\/index.php\/wp-json\/wp\/v2\/users\/1"}],"replies":[{"embeddable":true,"href":"https:\/\/rgcuir.eu\/index.php\/wp-json\/wp\/v2\/comments?post=85"}],"version-history":[{"count":14,"href":"https:\/\/rgcuir.eu\/index.php\/wp-json\/wp\/v2\/pages\/85\/revisions"}],"predecessor-version":[{"id":266,"href":"https:\/\/rgcuir.eu\/index.php\/wp-json\/wp\/v2\/pages\/85\/revisions\/266"}],"wp:attachment":[{"href":"https:\/\/rgcuir.eu\/index.php\/wp-json\/wp\/v2\/media?parent=85"}],"curies":[{"name":"wp","href":"https:\/\/api.w.org\/{rel}","templated":true}]}}