{"id":249,"date":"2018-06-14T15:57:11","date_gmt":"2018-06-14T13:57:11","guid":{"rendered":"http:\/\/rgcuir.eu\/?page_id=249"},"modified":"2018-06-23T12:24:50","modified_gmt":"2018-06-23T10:24:50","slug":"nos-cuirs","status":"publish","type":"page","link":"https:\/\/rgcuir.eu\/index.php\/nos-cuirs\/","title":{"rendered":"Nos cuirs"},"content":{"rendered":"<p>Gamme Royal<\/p>\n<p><a href=\"http:\/\/rgcuir.eu\/index.php\/gamme-royal\/\" target=\"_blank\" rel=\"noopener\"><img loading=\"lazy\" class=\"alignnone wp-image-311 size-medium\" src=\"http:\/\/rgcuir.eu\/wp-content\/uploads\/2018\/06\/Couleurs-267x300.jpg\" alt=\"\" width=\"267\" height=\"300\" srcset=\"https:\/\/rgcuir.eu\/wp-content\/uploads\/2018\/06\/Couleurs-267x300.jpg 267w, https:\/\/rgcuir.eu\/wp-content\/uploads\/2018\/06\/Couleurs-768x864.jpg 768w, https:\/\/rgcuir.eu\/wp-content\/uploads\/2018\/06\/Couleurs-910x1024.jpg 910w\" sizes=\"(max-width: 267px) 100vw, 267px\" \/><\/a><\/p>\n<p>Impressions Cuirs<\/p>\n<p><a href=\"http:\/\/rgcuir.eu\/index.php\/impressions-cuirs-2\/\" target=\"_blank\" rel=\"noopener\"><img loading=\"lazy\" class=\"alignnone size-medium wp-image-313\" src=\"http:\/\/rgcuir.eu\/wp-content\/uploads\/2018\/06\/impressions-300x160.jpg\" alt=\"\" width=\"300\" height=\"160\" srcset=\"https:\/\/rgcuir.eu\/wp-content\/uploads\/2018\/06\/impressions-300x160.jpg 300w, https:\/\/rgcuir.eu\/wp-content\/uploads\/2018\/06\/impressions-768x410.jpg 768w, https:\/\/rgcuir.eu\/wp-content\/uploads\/2018\/06\/impressions-1024x546.jpg 1024w, https:\/\/rgcuir.eu\/wp-content\/uploads\/2018\/06\/impressions.jpg 1800w\" sizes=\"(max-width: 300px) 100vw, 300px\" \/><\/a><\/p>\n<p>Cuir Perfor\u00e9 Piqu\u00e9 Ouat\u00e9<\/p>\n<p><img loading=\"lazy\" class=\"alignnone size-medium wp-image-297\" src=\"http:\/\/rgcuir.eu\/wp-content\/uploads\/2018\/06\/Auto-300x210.jpg\" alt=\"\" width=\"300\" height=\"210\" srcset=\"https:\/\/rgcuir.eu\/wp-content\/uploads\/2018\/06\/Auto-300x210.jpg 300w, https:\/\/rgcuir.eu\/wp-content\/uploads\/2018\/06\/Auto-768x538.jpg 768w, https:\/\/rgcuir.eu\/wp-content\/uploads\/2018\/06\/Auto.jpg 1000w\" sizes=\"(max-width: 300px) 100vw, 300px\" \/><\/p>\n","protected":false},"excerpt":{"rendered":"<p>Gamme Royal Impressions Cuirs Cuir Perfor\u00e9 Piqu\u00e9 Ouat\u00e9<\/p>\n","protected":false},"author":1,"featured_media":0,"parent":0,"menu_order":0,"comment_status":"closed","ping_status":"closed","template":"","meta":[],"_links":{"self":[{"href":"https:\/\/rgcuir.eu\/index.php\/wp-json\/wp\/v2\/pages\/249"}],"collection":[{"href":"https:\/\/rgcuir.eu\/index.php\/wp-json\/wp\/v2\/pages"}],"about":[{"href":"https:\/\/rgcuir.eu\/index.php\/wp-json\/wp\/v2\/types\/page"}],"author":[{"embeddable":true,"href":"https:\/\/rgcuir.eu\/index.php\/wp-json\/wp\/v2\/users\/1"}],"replies":[{"embeddable":true,"href":"https:\/\/rgcuir.eu\/index.php\/wp-json\/wp\/v2\/comments?post=249"}],"version-history":[{"count":26,"href":"https:\/\/rgcuir.eu\/index.php\/wp-json\/wp\/v2\/pages\/249\/revisions"}],"predecessor-version":[{"id":334,"href":"https:\/\/rgcuir.eu\/index.php\/wp-json\/wp\/v2\/pages\/249\/revisions\/334"}],"wp:attachment":[{"href":"https:\/\/rgcuir.eu\/index.php\/wp-json\/wp\/v2\/media?parent=249"}],"curies":[{"name":"wp","href":"https:\/\/api.w.org\/{rel}","templated":true}]}}